{"id":175,"date":"2019-11-29T12:07:07","date_gmt":"2019-11-29T12:07:07","guid":{"rendered":"https:\/\/cdn.jevelin.shufflehound.com\/mobile-app\/?page_id=10"},"modified":"2024-10-31T15:01:54","modified_gmt":"2024-10-31T14:01:54","slug":"home-mobile-app-2","status":"publish","type":"page","link":"https:\/\/www.scorfi.fr\/","title":{"rendered":"Home &#8211; Mobile App 2"},"content":{"rendered":"<p>[vc_row full_width=&#8221;stretch_row_content&#8221; css_animation=&#8221;fadeInUp&#8221; background_position=&#8221;left center&#8221; overflow=&#8221;default&#8221; css=&#8221;.vc_custom_1661760333274{padding-right: 60px !important;padding-left: 60px !important;background-image: url(http:\/\/www.scorfi.fr\/wp-content\/uploads\/2022\/08\/imageonline-co-brightnessadjusted.png?id=254) !important;background-position: center !important;background-repeat: no-repeat !important;background-size: cover !important;}&#8221; el_id=&#8221;about&#8221; padding_tablet=&#8221;0px 0px 0px 0px&#8221;][vc_column width=&#8221;1\/2&#8243; mobile_element_alignment=&#8221;center&#8221; overflow=&#8221;default&#8221; max_width=&#8221;750&#8243; css=&#8221;.vc_custom_1594211052929{padding-top: 150px !important;}&#8221; padding_tablet=&#8221;60px 30px 30px 30px&#8221;]\r\n<div class=\"sh-heading  \" id=\"heading-RkLgK7qBZ9\">\r\n\t<div class=\"sh-element-margin\">\r\n\r\n\t\t\r\n\t\t\t<h2 class=\"sh-heading-content size-custom text-left\">\r\n\t\t\t\tVotre nouveau logiciel expert\t\t\t<\/h2>\r\n\r\n\t\t\r\n\t<\/div>\r\n<\/div>\r\n            <style type=\"text\/css\">\r\n                #heading-RkLgK7qBZ9 .sh-element-margin {margin: 0px 0px 0px 0px;}@media (max-width: 1024px) {#heading-RkLgK7qBZ9 .sh-heading-content {font-size: 30px!important;}}#heading-RkLgK7qBZ9 .sh-heading-content {font-size: 48px;font-weight: 400!important;color: #c2c2c2;}#heading-RkLgK7qBZ9 .sh-heading-content,#heading-RkLgK7qBZ9 .sh-heading-additional-text {}            <\/style>\r\n        \r\n\r\n\t<div class=\"sh-heading sh-heading-style1\" id=\"heading-tjYAScU8V4\">\r\n\t\t<h2 class=\"sh-heading-content size-custom\">\r\n\t\t\t<\/span>\n<span style=\"text-align: left;\">SCORFI : votre rapprochement<\/span>\n<span>bancaire tout simplement\t\t<\/h2>\r\n\t<\/div>\r\n\r\n            <style type=\"text\/css\">\r\n                #heading-tjYAScU8V4 {margin: 0px 0px 0px 0px;}@media (max-width: 1024px) {#heading-tjYAScU8V4 .sh-heading-content {font-size: 45px!important;}}#heading-tjYAScU8V4 .sh-heading-content {font-size: 65px;line-height: 110%!important;font-weight: 600!important;color: #ffffff;}#heading-tjYAScU8V4:hover .sh-heading-content {color: #ffffff;}            <\/style>\r\n        \r\n            \r\n            <div class=\"sh-empty-space vc_empty_space sh-empty-space-0hypgUNltD  \" style=\"height: 60px\">\r\n                <span class=\"vc_empty_space_inner\"><\/span>\r\n            <\/div>\r\n\r\n        \r\n<div id=\"button-xQKqd26uDW\" class=\"sh-button-container  sh-button-style-2\">\r\n\t<div class=\"sh-element-margin\">\r\n\t\t<a href=\"#\" target=\"_self\" class=\"sh-button sh-button-medium sh-button-icon-left\">\r\n\r\n\t\t\t\t\t\t\t<span class=\"sh-button-icon\">\r\n\t\t\t\t\t<i class=\"fa fa-angle-down\"><\/i>\r\n\t\t\t\t<\/span>\r\n\t\t\t\r\n\t\t\t\t\t\t\t<span class=\"sh-button-text\">\r\n\t\t\t\t\tEn apprendre plus\t\t\t\t<\/span>\r\n\t\t\t\r\n\t\t\t\r\n\t\t<\/a>\r\n\t\t\t<\/div>\r\n<\/div>\r\n            <style type=\"text\/css\">\r\n                #button-xQKqd26uDW .sh-button-text {font-weight: 600;}#button-xQKqd26uDW .sh-button {line-height: 62px;padding-top: 0; padding-bottom: 0;padding-left: 30px; padding-right: 30px;font-size: 20px;border-radius: 25px;background-color: #75b5fe;color: #ffffff;}#button-xQKqd26uDW {}#button-xQKqd26uDW:not(.sh-button-style-2) .sh-button:hover {}#button-xQKqd26uDW.sh-button-style-2 .sh-button:after {}#button-xQKqd26uDW.sh-button-style-2 .sh-button:hover {}@media (max-width: 800px) {#button-xQKqd26uDW {text-align: left;}}            <\/style>\r\n        \r\n                            <style media=\"screen\">\r\n                    @media (max-width: 1025px) {\r\n                        .sh-empty-space-XQq4G5bt7z {\r\n                            height: 50px!important;\r\n                        }\r\n                    }\r\n                <\/style>\r\n            \r\n            <div class=\"sh-empty-space vc_empty_space sh-empty-space-XQq4G5bt7z  \" style=\"height: 120px\">\r\n                <span class=\"vc_empty_space_inner\"><\/span>\r\n            <\/div>\r\n\r\n        [\/vc_column][vc_column width=&#8221;1\/2&#8243; overflow=&#8221;default&#8221; padding_tablet=&#8221;0px 30px 60px 30px&#8221;]\r\n<div id=\"single-image-bgDBYEh0Ji\" class=\"sh-single-image  \">\r\n\t<div class=\"sh-element-margin\">\r\n\r\n\t\t\r\n\t\t\t<div class=\"sh-single-image-container\">\r\n\t\t\t\t\r\n\t\t\t\t\t\t\t\t\t\r\n\t\t\t\t\t\t\t\t\t\t\t\t\t<img decoding=\"async\" class=\"sh-image-url\" src=\"https:\/\/www.scorfi.fr\/wp-content\/uploads\/2022\/08\/filtreEcrCpta-683x1024.png\" alt=\"filtreEcrCpta\" \/>\r\n\t\t\t\t\t\t\t\t\t\t\t\t\t\r\n\t\t\t\t\t\t\t\t\t\r\n\t\t\t\t\t\t\t<\/div>\r\n\r\n\t\t\r\n\t<\/div>\r\n<\/div>\r\n            <style type=\"text\/css\">\r\n                #single-image-bgDBYEh0Ji {text-align: center;}            <\/style>\r\n        [\/vc_column][\/vc_row][vc_row full_width=&#8221;stretch_row&#8221; css_animation=&#8221;fadeInUp&#8221; overflow=&#8221;default&#8221; css=&#8221;.vc_custom_1661776017839{background-color: #75b5fe !important;}&#8221;][vc_column text_align_inline=&#8221;center&#8221; overflow=&#8221;default&#8221; css=&#8221;.vc_custom_1661765450574{background-color: #75b5fe !important;}&#8221;]\r\n\r\n\t<div class=\"sh-heading sh-heading-style1\" id=\"heading-uDX3qzlebK\">\r\n\t\t<h2 class=\"sh-heading-content size-custom\">\r\n\t\t\t<\/span>\n<span style=\"text-align: center;\">Suivez nos derni\u00e8res actualit\u00e9s !<\/span>\n<span>\t\t<\/h2>\r\n\t<\/div>\r\n\r\n            <style type=\"text\/css\">\r\n                #heading-uDX3qzlebK {margin: 0px 0px 0px 0px;}#heading-uDX3qzlebK .sh-heading-content {font-size: 60px;line-height: 120%!important;}            <\/style>\r\n        \r\n            \r\n            <div class=\"sh-empty-space vc_empty_space sh-empty-space-YslaJpKVuI  \" style=\"height: 60px\">\r\n                <span class=\"vc_empty_space_inner\"><\/span>\r\n            <\/div>\r\n\r\n        \r\n<div id=\"text-block-JIwhkaTAcl\" class=\"sh-text-block\">\r\n\t<\/p>\n<p style=\"text-align: center;\">Rendez-vous sur le compte LinkedIn de notre \u00e9diteur ADTi afin de suivre les derni\u00e8res actualit\u00e9s \u00e0 propos de Scorfi !<\/p>\n<p><\/div>\r\n            <style type=\"text\/css\">\r\n                #text-block-JIwhkaTAcl {color: #161616;margin: 0px 0px 15px 0px;}#text-block-JIwhkaTAcl a:hover,#text-block-JIwhkaTAcl a:focus {color: #6dd6a8;}#text-block-JIwhkaTAcl p,#text-block-JIwhkaTAcl {line-height: 150%;}#text-block-JIwhkaTAcl .drop-cap {font-weight: bold;font-size: 50px;display: block;float: left;margin: 8px 10px 0 0;}            <\/style>\r\n        \r\n<div id=\"button-qGJMUj9BQr\" class=\"sh-button-container  sh-button-style-1\">\r\n\t<div class=\"sh-element-margin\">\r\n\t\t<a href=\"https:\/\/www.linkedin.com\/company\/adti\/\" target=\"_blank\" class=\"sh-button sh-button-medium \">\r\n\r\n\t\t\t\r\n\t\t\t\t\t\t\t<span class=\"sh-button-text\">\r\n\t\t\t\t\tNotre page LinkedIn\t\t\t\t<\/span>\r\n\t\t\t\r\n\t\t\t\r\n\t\t<\/a>\r\n\t\t\t<\/div>\r\n<\/div>\r\n            <style type=\"text\/css\">\r\n                #button-qGJMUj9BQr .sh-button {background-color: #0a0a0a;color: #ffffff;}#button-qGJMUj9BQr {}#button-qGJMUj9BQr:not(.sh-button-style-2) .sh-button:hover {}#button-qGJMUj9BQr.sh-button-style-2 .sh-button:after {}#button-qGJMUj9BQr.sh-button-style-2 .sh-button:hover {}@media (max-width: 800px) {#button-qGJMUj9BQr {text-align: center;}}            <\/style>\r\n        [\/vc_column][\/vc_row][vc_row full_width=&#8221;stretch_row&#8221; overflow=&#8221;default&#8221; css=&#8221;.vc_custom_1661776030665{background-color: #75b5fe !important;}&#8221;][vc_column][vc_empty_space height=&#8221;50px&#8221;][\/vc_column][\/vc_row][vc_row full_width=&#8221;stretch_row_content&#8221; equal_height=&#8221;yes&#8221; content_placement=&#8221;middle&#8221; overflow=&#8221;default&#8221; css=&#8221;.vc_custom_1661765415383{background-color: #75b5fe !important;}&#8221;][vc_column css_animation=&#8221;fadeInLeftBig&#8221; width=&#8221;1\/2&#8243; max_width_alignment=&#8221;right&#8221; max_width_alignment_mobile=&#8221;left&#8221; overflow=&#8221;default&#8221; max_width=&#8221;560&#8243; padding_tablet=&#8221;0px 30px 30px 30px&#8221;]\r\n\r\n\t<div class=\"sh-heading sh-heading-style1\" id=\"heading-hju7V9rtwH\">\r\n\t\t<h2 class=\"sh-heading-content size-custom\">\r\n\t\t\t<\/span>\n<span style=\"text-align: left;\">Prenez rendez-vous avec nos experts !<\/span>\n<span>\t\t<\/h2>\r\n\t<\/div>\r\n\r\n            <style type=\"text\/css\">\r\n                #heading-hju7V9rtwH {margin: 0px 0px 0px 0px;}@media (max-width: 1024px) {#heading-hju7V9rtwH .sh-heading-content {font-size: 40px!important;}}#heading-hju7V9rtwH .sh-heading-content {font-size: 60px;line-height: 120%!important;}            <\/style>\r\n        \r\n            \r\n            <div class=\"sh-empty-space vc_empty_space sh-empty-space-7yY3Fu4R1G  \" style=\"height: 60px\">\r\n                <span class=\"vc_empty_space_inner\"><\/span>\r\n            <\/div>\r\n\r\n        [vc_row_inner equal_height=&#8221;yes&#8221; content_placement=&#8221;middle&#8221; overflow=&#8221;default&#8221;][vc_column_inner width=&#8221;1\/5&#8243;]\r\n<div id=\"icon-Ce3YW8RfXG\" class=\"sh-icon  sh-element-inline sh-icon-left\" >\r\n\r\n\t\r\n\t\t<div class=\"sh-element-margin\">\r\n\t\t\t<div class=\"sh-icon-container\">\r\n\t\t\t\t<i class=\"sh-icon-data fa fa-calendar-o\"><\/i>\r\n\t\t\t<\/div>\r\n\t\t<\/div>\r\n\r\n\t<\/div>\r\n            <style type=\"text\/css\">\r\n                #icon-Ce3YW8RfXG .sh-icon-container {transition: all 0.4s ease-in-out;background-color: #ffffff;border-radius: 20px;padding: 20px 21px 16px 22px;}#icon-Ce3YW8RfXG .sh-icon-container:hover {background-color: #ffffff;}#icon-Ce3YW8RfXG .sh-icon-data {font-size: 36px;color: #ffa813;}#icon-Ce3YW8RfXG .sh-element-margin {margin: 0px 0px 0px 0px;}            <\/style>\r\n        [\/vc_column_inner][vc_column_inner width=&#8221;4\/5&#8243; max_width_alignment=&#8221;left&#8221; overflow=&#8221;default&#8221; max_width=&#8221;260&#8243;]\r\n<div id=\"text-block-Xhd8KLctP7\" class=\"sh-text-block\">\r\n\t<\/p>\n<p style=\"text-align: left;\">Choisissez la date de votre choix et d\u00e9couvrez les diff\u00e9rentes fonctionnalit\u00e9s de Scorfi.<\/p>\n<p><\/div>\r\n            <style type=\"text\/css\">\r\n                #text-block-Xhd8KLctP7 {font-size: 24px;color: #111111;margin: 0px 0px 0px 0px;}#text-block-Xhd8KLctP7 a:hover,#text-block-Xhd8KLctP7 a:focus {color: #6dd6a8;}#text-block-Xhd8KLctP7 p,#text-block-Xhd8KLctP7 {line-height: 150%;}#text-block-Xhd8KLctP7 .drop-cap {font-weight: bold;font-size: 50px;display: block;float: left;margin: 8px 10px 0 0;}            <\/style>\r\n        [\/vc_column_inner][\/vc_row_inner][\/vc_column][vc_column css_animation=&#8221;fadeIn&#8221; width=&#8221;1\/2&#8243; overflow=&#8221;default&#8221; css=&#8221;.vc_custom_1661775996055{background-position: center !important;background-repeat: no-repeat !important;background-size: contain !important;}&#8221;]\r\n<div id=\"single-image-hUl6wiJRG1\" class=\"sh-single-image  \">\r\n\t<div class=\"sh-element-margin\">\r\n\r\n\t\t\r\n\t\t\t<div class=\"sh-single-image-container\">\r\n\t\t\t\t\r\n\t\t\t\t\t\t\t\t\t\r\n\t\t\t\t\t\t\t\t\t\t\t\t\t<img decoding=\"async\" class=\"sh-image-url\" src=\"https:\/\/www.scorfi.fr\/wp-content\/uploads\/2022\/08\/calendly.png\" alt=\"calendly\" \/>\r\n\t\t\t\t\t\t\t\t\t\t\t\t\t\r\n\t\t\t\t\t\t\t\t\t\r\n\t\t\t\t\t\t\t<\/div>\r\n\r\n\t\t\r\n\t<\/div>\r\n<\/div>\r\n            <style type=\"text\/css\">\r\n                #single-image-hUl6wiJRG1 {text-align: center;}            <\/style>\r\n        [\/vc_column][\/vc_row][vc_row full_width=&#8221;stretch_row&#8221; faster_parallax=&#8221;standard&#8221; overflow=&#8221;default&#8221; css=&#8221;.vc_custom_1661765487454{background-color: #75b5fe !important;background-position: center !important;background-repeat: no-repeat !important;background-size: cover !important;}&#8221; el_id=&#8221;contact&#8221;][vc_column overflow=&#8221;default&#8221; max_width=&#8221;590px&#8221; css=&#8221;.vc_custom_1594210575392{padding-top: 170px !important;padding-bottom: 180px !important;}&#8221; padding_tablet=&#8221;60px 30px 60px 30px&#8221;]\r\n\r\n\t<div class=\"sh-heading sh-heading-style1\" id=\"heading-23WLTm41oO\">\r\n\t\t<h2 class=\"sh-heading-content size-custom\">\r\n\t\t\t<\/span>\n<span style=\"text-align: center;\">Posez-nous vos questions ou demandez une d\u00e9monstration du logiciel Scorfi !<\/span>\n<span>\t\t<\/h2>\r\n\t<\/div>\r\n\r\n            <style type=\"text\/css\">\r\n                #heading-23WLTm41oO {margin: 0px 0px 0px 0px;}@media (max-width: 1024px) {#heading-23WLTm41oO .sh-heading-content {font-size: 40px!important;}}#heading-23WLTm41oO .sh-heading-content {font-size: 60px;line-height: 120%!important;color: #ffffff;}            <\/style>\r\n        \r\n            \r\n            <div class=\"sh-empty-space vc_empty_space sh-empty-space-i6o7XVKr0p  \" style=\"height: 60px\">\r\n                <span class=\"vc_empty_space_inner\"><\/span>\r\n            <\/div>\r\n\r\n        [vc_row_inner overflow=&#8221;default&#8221; max_width=&#8221;450px&#8221;][vc_column_inner overflow=&#8221;default&#8221; css=&#8221;.vc_custom_1594216696109{margin-right: 0px !important;margin-left: 0px !important;padding-right: 0px !important;padding-left: 0px !important;}&#8221; css_animation=&#8221;pulse&#8221;]\r\n<div id=\"button-P1jN2RyIBD\" class=\"sh-button-container  sh-button-style-2\">\r\n\t<div class=\"sh-element-margin\">\r\n\t\t<a href=\"http:\/\/www.scorfi.fr\/index.php\/contact\/\" target=\"_self\" class=\"sh-button sh-button-medium sh-button-icon-left\">\r\n\r\n\t\t\t\t\t\t\t<span class=\"sh-button-icon\">\r\n\t\t\t\t\t<i class=\"ti-comment\"><\/i>\r\n\t\t\t\t<\/span>\r\n\t\t\t\r\n\t\t\t\t\t\t\t<span class=\"sh-button-text\">\r\n\t\t\t\t\tNous contacter\t\t\t\t<\/span>\r\n\t\t\t\r\n\t\t\t\r\n\t\t<\/a>\r\n\t\t\t<\/div>\r\n<\/div>\r\n            <style type=\"text\/css\">\r\n                #button-P1jN2RyIBD .sh-button-icon i {font-size: 33px;}#button-P1jN2RyIBD .sh-button-text {font-weight: 500;}#button-P1jN2RyIBD .sh-button {line-height: 90px;padding-top: 0; padding-bottom: 0;padding-left: 0px; padding-right: 0px;font-size: 33px;border-radius: 40px;background-color: rgba(255,255,255,0.01);color: #ffffff;border: 2px solid transparent;border: 2px solid #ffffff;display: block!important;width: 100%;}#button-P1jN2RyIBD {text-align: center;}#button-P1jN2RyIBD:not(.sh-button-style-2) .sh-button:hover {background-color: #ffffff;border: 2px solid rgba(0,0,0,0.01);}#button-P1jN2RyIBD.sh-button-style-2 .sh-button:after {background-color: #ffffff;}#button-P1jN2RyIBD.sh-button-style-2 .sh-button:hover {border: 2px solid rgba(0,0,0,0.01);}@media (max-width: 800px) {#button-P1jN2RyIBD {text-align: center;}}            <\/style>\r\n        [\/vc_column_inner][\/vc_row_inner][\/vc_column][\/vc_row]<\/p>\n","protected":false},"excerpt":{"rendered":"<p>[vc_row full_width=&#8221;stretch_row_content&#8221; css_animation=&#8221;fadeInUp&#8221; background_position=&#8221;left center&#8221; overflow=&#8221;default&#8221; css=&#8221;.vc_custom_1661760333274{padding-right: 60px !important;padding-left: 60px !important;background-image: url(http:\/\/www.scorfi.fr\/wp-content\/uploads\/2022\/08\/imageonline-co-brightnessadjusted.png?id=254) !important;background-position: center !important;background-repeat: no-repeat !important;background-size: cover !important;}&#8221; el_id=&#8221;about&#8221; padding_tablet=&#8221;0px 0px 0px 0px&#8221;][vc_column width=&#8221;1\/2&#8243; mobile_element_alignment=&#8221;center&#8221; overflow=&#8221;default&#8221; max_width=&#8221;750&#8243; css=&#8221;.vc_custom_1594211052929{padding-top: 150px !important;}&#8221; padding_tablet=&#8221;60px 30px 30px 30px&#8221;][\/vc_column][vc_column width=&#8221;1\/2&#8243; overflow=&#8221;default&#8221; padding_tablet=&#8221;0px 30px 60px 30px&#8221;][\/vc_column][\/vc_row][vc_row full_width=&#8221;stretch_row&#8221; css_animation=&#8221;fadeInUp&#8221; overflow=&#8221;default&#8221; css=&#8221;.vc_custom_1661776017839{background-color:&#8230;<\/p>\n","protected":false},"author":1,"featured_media":0,"parent":0,"menu_order":1,"comment_status":"closed","ping_status":"closed","template":"","meta":{"footnotes":""},"class_list":["post-175","page","type-page","status-publish","hentry"],"yoast_head":"<!-- This site is optimized with the Yoast SEO plugin v24.1 - https:\/\/yoast.com\/wordpress\/plugins\/seo\/ -->\n<title>Scorfi - Logiciel de Rapprochement Bancaire<\/title>\n<meta name=\"description\" content=\"D\u00e9couvrez notre prologiciel sp\u00e9cialis\u00e9 dans le rapprochement bancaire, \u00e9dit\u00e9 par ADTI\" \/>\n<meta name=\"robots\" content=\"index, follow, max-snippet:-1, max-image-preview:large, max-video-preview:-1\" \/>\n<link rel=\"canonical\" href=\"http:\/\/www.scorfi.fr\/\" \/>\n<meta property=\"og:locale\" content=\"fr_FR\" \/>\n<meta property=\"og:type\" content=\"article\" \/>\n<meta property=\"og:title\" content=\"Scorfi - Logiciel de Rapprochement Bancaire\" \/>\n<meta property=\"og:description\" content=\"D\u00e9couvrez notre prologiciel sp\u00e9cialis\u00e9 dans le rapprochement bancaire, \u00e9dit\u00e9 par ADTI\" \/>\n<meta property=\"og:url\" content=\"http:\/\/www.scorfi.fr\/\" \/>\n<meta property=\"og:site_name\" content=\"SCORFI\" \/>\n<meta property=\"article:modified_time\" content=\"2024-10-31T14:01:54+00:00\" \/>\n<meta name=\"twitter:card\" content=\"summary_large_image\" \/>\n<meta name=\"twitter:label1\" content=\"Dur\u00e9e de lecture estim\u00e9e\" \/>\n\t<meta name=\"twitter:data1\" content=\"2 minutes\" \/>\n<script type=\"application\/ld+json\" class=\"yoast-schema-graph\">{\"@context\":\"https:\/\/schema.org\",\"@graph\":[{\"@type\":\"WebPage\",\"@id\":\"http:\/\/www.scorfi.fr\/\",\"url\":\"http:\/\/www.scorfi.fr\/\",\"name\":\"Scorfi - Logiciel de Rapprochement Bancaire\",\"isPartOf\":{\"@id\":\"http:\/\/www.scorfi.fr\/#website\"},\"datePublished\":\"2019-11-29T12:07:07+00:00\",\"dateModified\":\"2024-10-31T14:01:54+00:00\",\"description\":\"D\u00e9couvrez notre prologiciel sp\u00e9cialis\u00e9 dans le rapprochement bancaire, \u00e9dit\u00e9 par ADTI\",\"breadcrumb\":{\"@id\":\"http:\/\/www.scorfi.fr\/#breadcrumb\"},\"inLanguage\":\"fr-FR\",\"potentialAction\":[{\"@type\":\"ReadAction\",\"target\":[\"http:\/\/www.scorfi.fr\/\"]}]},{\"@type\":\"BreadcrumbList\",\"@id\":\"http:\/\/www.scorfi.fr\/#breadcrumb\",\"itemListElement\":[{\"@type\":\"ListItem\",\"position\":1,\"name\":\"Accueil\",\"item\":\"http:\/\/www.scorfi.fr\/\"},{\"@type\":\"ListItem\",\"position\":2,\"name\":\"Home &#8211; Mobile App 2\"}]},{\"@type\":\"WebSite\",\"@id\":\"http:\/\/www.scorfi.fr\/#website\",\"url\":\"http:\/\/www.scorfi.fr\/\",\"name\":\"SCORFI\",\"description\":\"Le rapprochement bancaire tout simplement\",\"potentialAction\":[{\"@type\":\"SearchAction\",\"target\":{\"@type\":\"EntryPoint\",\"urlTemplate\":\"http:\/\/www.scorfi.fr\/?s={search_term_string}\"},\"query-input\":{\"@type\":\"PropertyValueSpecification\",\"valueRequired\":true,\"valueName\":\"search_term_string\"}}],\"inLanguage\":\"fr-FR\"}]}<\/script>\n<!-- \/ Yoast SEO plugin. -->","yoast_head_json":{"title":"Scorfi - Logiciel de Rapprochement Bancaire","description":"D\u00e9couvrez notre prologiciel sp\u00e9cialis\u00e9 dans le rapprochement bancaire, \u00e9dit\u00e9 par ADTI","robots":{"index":"index","follow":"follow","max-snippet":"max-snippet:-1","max-image-preview":"max-image-preview:large","max-video-preview":"max-video-preview:-1"},"canonical":"http:\/\/www.scorfi.fr\/","og_locale":"fr_FR","og_type":"article","og_title":"Scorfi - Logiciel de Rapprochement Bancaire","og_description":"D\u00e9couvrez notre prologiciel sp\u00e9cialis\u00e9 dans le rapprochement bancaire, \u00e9dit\u00e9 par ADTI","og_url":"http:\/\/www.scorfi.fr\/","og_site_name":"SCORFI","article_modified_time":"2024-10-31T14:01:54+00:00","twitter_card":"summary_large_image","twitter_misc":{"Dur\u00e9e de lecture estim\u00e9e":"2 minutes"},"schema":{"@context":"https:\/\/schema.org","@graph":[{"@type":"WebPage","@id":"http:\/\/www.scorfi.fr\/","url":"http:\/\/www.scorfi.fr\/","name":"Scorfi - Logiciel de Rapprochement Bancaire","isPartOf":{"@id":"http:\/\/www.scorfi.fr\/#website"},"datePublished":"2019-11-29T12:07:07+00:00","dateModified":"2024-10-31T14:01:54+00:00","description":"D\u00e9couvrez notre prologiciel sp\u00e9cialis\u00e9 dans le rapprochement bancaire, \u00e9dit\u00e9 par ADTI","breadcrumb":{"@id":"http:\/\/www.scorfi.fr\/#breadcrumb"},"inLanguage":"fr-FR","potentialAction":[{"@type":"ReadAction","target":["http:\/\/www.scorfi.fr\/"]}]},{"@type":"BreadcrumbList","@id":"http:\/\/www.scorfi.fr\/#breadcrumb","itemListElement":[{"@type":"ListItem","position":1,"name":"Accueil","item":"http:\/\/www.scorfi.fr\/"},{"@type":"ListItem","position":2,"name":"Home &#8211; Mobile App 2"}]},{"@type":"WebSite","@id":"http:\/\/www.scorfi.fr\/#website","url":"http:\/\/www.scorfi.fr\/","name":"SCORFI","description":"Le rapprochement bancaire tout simplement","potentialAction":[{"@type":"SearchAction","target":{"@type":"EntryPoint","urlTemplate":"http:\/\/www.scorfi.fr\/?s={search_term_string}"},"query-input":{"@type":"PropertyValueSpecification","valueRequired":true,"valueName":"search_term_string"}}],"inLanguage":"fr-FR"}]}},"_links":{"self":[{"href":"https:\/\/www.scorfi.fr\/index.php\/wp-json\/wp\/v2\/pages\/175","targetHints":{"allow":["GET"]}}],"collection":[{"href":"https:\/\/www.scorfi.fr\/index.php\/wp-json\/wp\/v2\/pages"}],"about":[{"href":"https:\/\/www.scorfi.fr\/index.php\/wp-json\/wp\/v2\/types\/page"}],"author":[{"embeddable":true,"href":"https:\/\/www.scorfi.fr\/index.php\/wp-json\/wp\/v2\/users\/1"}],"replies":[{"embeddable":true,"href":"https:\/\/www.scorfi.fr\/index.php\/wp-json\/wp\/v2\/comments?post=175"}],"version-history":[{"count":8,"href":"https:\/\/www.scorfi.fr\/index.php\/wp-json\/wp\/v2\/pages\/175\/revisions"}],"predecessor-version":[{"id":280,"href":"https:\/\/www.scorfi.fr\/index.php\/wp-json\/wp\/v2\/pages\/175\/revisions\/280"}],"wp:attachment":[{"href":"https:\/\/www.scorfi.fr\/index.php\/wp-json\/wp\/v2\/media?parent=175"}],"curies":[{"name":"wp","href":"https:\/\/api.w.org\/{rel}","templated":true}]}}